{"id":57,"date":"2025-03-24T14:20:56","date_gmt":"2025-03-24T14:20:56","guid":{"rendered":"https:\/\/www.pookinherkkutehdas.fi\/?page_id=57"},"modified":"2025-03-25T16:20:08","modified_gmt":"2025-03-25T16:20:08","slug":"pookin-salaatinkastike","status":"publish","type":"page","link":"https:\/\/www.pookinherkkutehdas.fi\/index.php\/pookin-salaatinkastike\/","title":{"rendered":"Pookin Salaatinkastike"},"content":{"rendered":"[et_pb_section fb_built=&#8221;1&#8243; admin_label=&#8221;section&#8221; _builder_version=&#8221;4.23.1&#8243; background_image=&#8221;http:\/\/www.pookinherkkutehdas.fi\/wp-content\/uploads\/2025\/03\/Kopio-tiedostosta-DSC_0004-1-4-scaled.jpg&#8221; background_repeat=&#8221;repeat&#8221; min_height=&#8221;953.9px&#8221; custom_margin=&#8221;||-22px|||&#8221; custom_padding=&#8221;54px||243px|||&#8221; hover_enabled=&#8221;0&#8243; global_colors_info=&#8221;{}&#8221; sticky_enabled=&#8221;0&#8243; title_text=&#8221;Kopio-tiedostosta-DSC_0004 (1)&#8221;][et_pb_row column_structure=&#8221;2_5,3_5&#8243; admin_label=&#8221;row&#8221; _builder_version=&#8221;4.23.1&#8243; background_size=&#8221;initial&#8221; background_position=&#8221;top_left&#8221; background_repeat=&#8221;repeat&#8221; custom_margin=&#8221;|238px||auto||&#8221; custom_padding=&#8221;|1px||||&#8221; global_colors_info=&#8221;{}&#8221;][et_pb_column type=&#8221;2_5&#8243; _builder_version=&#8221;4.23.1&#8243; _module_preset=&#8221;default&#8221; global_colors_info=&#8221;{}&#8221;][et_pb_text _builder_version=&#8221;4.23.1&#8243; _module_preset=&#8221;default&#8221; text_font=&#8221;Roboto||||||||&#8221; text_text_color=&#8221;#000000&#8243; text_font_size=&#8221;35px&#8221; custom_margin=&#8221;||41px|||&#8221; text_text_shadow_style=&#8221;preset3&#8243; text_text_shadow_color=&#8221;#FFFFFF&#8221; global_colors_info=&#8221;{}&#8221;]<p style=\"text-align: center;\">Pookin Salaatinkastike<\/p>[\/et_pb_text][et_pb_text admin_label=&#8221;Text&#8221; _builder_version=&#8221;4.23.1&#8243; text_font=&#8221;Roboto||||||||&#8221; text_text_color=&#8221;#000000&#8243; text_font_size=&#8221;23px&#8221; background_size=&#8221;initial&#8221; background_position=&#8221;top_left&#8221; background_repeat=&#8221;repeat&#8221; min_height=&#8221;622.6px&#8221; text_font_tablet=&#8221;Roboto||||||||&#8221; text_font_phone=&#8221;Roboto||||||||&#8221; text_font_last_edited=&#8221;on|phone&#8221; text_text_shadow_style=&#8221;preset3&#8243; text_text_shadow_color=&#8221;#FFFFFF&#8221; global_colors_info=&#8221;{}&#8221;]<p style=\"text-align: center;\"><span>Pookin Salaatinkastike on pitk\u00e4n historian tulos. Tuotteen resepti on kulkenut matkassa jo vuosikymmeni\u00e4 ja se on vakiinnuttanut paikkansa monen perheen p\u00f6yd\u00e4ss\u00e4. Moniulotteinen kastike sopii sek\u00e4 ruokaisiin salaatteihin ett\u00e4 vaikkapa miniyrttien maustamiseen.<\/span><\/p>\n<p style=\"text-align: center;\"><!-- \/wp:paragraph -->Pookin salaatinkastikkeen suosion syyt ovat yksinkertaiset, kastikkeen makeus ja happamuus ovat sopusoinnussa, ja tuore valkosipuli tuo kastikkeeseen sielukkuutta. Maku on kuitenkin mieto, jolloin my\u00f6s salaatin raaka-aineiden maut saavat tilaa loistaa. Kastike on sopivan juoksevaa, jolloin kastike levittyy tasaisesti salaatin pinnalle. Kastike maistuu my\u00f6s perheen pienimmille, ja sopii sek\u00e4 arki- ett\u00e4 juhlap\u00f6yt\u00e4\u00e4n.<\/p>\n<p><!-- wp:paragraph --><\/p>\n<p><!-- \/wp:paragraph --><\/p>[\/et_pb_text][\/et_pb_column][et_pb_column type=&#8221;3_5&#8243; _builder_version=&#8221;4.23.1&#8243; _module_preset=&#8221;default&#8221; global_colors_info=&#8221;{}&#8221;][\/et_pb_column][\/et_pb_row][et_pb_row _builder_version=&#8221;4.23.1&#8243; _module_preset=&#8221;default&#8221; min_height=&#8221;57px&#8221; custom_margin=&#8221;|auto|64px|auto||&#8221; global_colors_info=&#8221;{}&#8221;][et_pb_column type=&#8221;4_4&#8243; _builder_version=&#8221;4.23.1&#8243; _module_preset=&#8221;default&#8221; global_colors_info=&#8221;{}&#8221;][\/et_pb_column][\/et_pb_row][\/et_pb_section]","protected":false},"excerpt":{"rendered":"<p>Pookin SalaatinkastikePookin Salaatinkastike on pitk\u00e4n historian tulos. Tuotteen resepti on kulkenut matkassa jo vuosikymmeni\u00e4 ja se on vakiinnuttanut paikkansa monen perheen p\u00f6yd\u00e4ss\u00e4. Moniulotteinen kastike sopii sek\u00e4 ruokaisiin salaatteihin ett\u00e4 vaikkapa miniyrttien maustamiseen. Pookin salaatinkastikkeen suosion syyt ovat yksinkertaiset, kastikkeen makeus ja happamuus ovat sopusoinnussa, ja tuore valkosipuli tuo kastikkeeseen sielukkuutta. Maku on kuitenkin mieto, jolloin [&hellip;]<\/p>\n","protected":false},"author":1,"featured_media":26,"parent":0,"menu_order":0,"comment_status":"closed","ping_status":"closed","template":"","meta":{"_et_pb_use_builder":"on","_et_pb_old_content":"<!-- wp:paragraph -->\n<p>Pookin Salaatinkastike on pitk\u00e4n historian tulos. Tuotteen resepti on kulkenut matkassa jo<br>vuosikymmeni\u00e4 ja se on vakiinnuttanut paikkansa monen perheen p\u00f6yd\u00e4ss\u00e4. Moniulotteinen kastike<br>sopii sek\u00e4 ruokaisiin salaatteihin ett\u00e4 vaikkapa miniyrttien maustamiseen.<\/p>\n<!-- \/wp:paragraph -->\n\n<!-- wp:paragraph -->\n<p><br>Pookin salaatinkastikkeen suosion syyt ovat yksinkertaiset, kastikkeen makeus ja happamuus ovat<br>sopusoinnussa, ja tuore valkosipuli tuo kastikkeeseen sielukkuutta. Maku on kuitenkin mieto,<br>jolloin my\u00f6s salaatin raaka-aineiden maut saavat tilaa loistaa. Kastike on sopivan juoksevaa, jolloin<br>kastike levittyy tasaisesti salaatin pinnalle. Kastike maistuu my\u00f6s perheen pienimmille, ja sopii sek\u00e4<br>arki- ett\u00e4 juhlap\u00f6yt\u00e4\u00e4n.<\/p>\n<!-- \/wp:paragraph -->","_et_gb_content_width":"","footnotes":""},"class_list":["post-57","page","type-page","status-publish","has-post-thumbnail","hentry"],"_links":{"self":[{"href":"https:\/\/www.pookinherkkutehdas.fi\/index.php\/wp-json\/wp\/v2\/pages\/57","targetHints":{"allow":["GET"]}}],"collection":[{"href":"https:\/\/www.pookinherkkutehdas.fi\/index.php\/wp-json\/wp\/v2\/pages"}],"about":[{"href":"https:\/\/www.pookinherkkutehdas.fi\/index.php\/wp-json\/wp\/v2\/types\/page"}],"author":[{"embeddable":true,"href":"https:\/\/www.pookinherkkutehdas.fi\/index.php\/wp-json\/wp\/v2\/users\/1"}],"replies":[{"embeddable":true,"href":"https:\/\/www.pookinherkkutehdas.fi\/index.php\/wp-json\/wp\/v2\/comments?post=57"}],"version-history":[{"count":20,"href":"https:\/\/www.pookinherkkutehdas.fi\/index.php\/wp-json\/wp\/v2\/pages\/57\/revisions"}],"predecessor-version":[{"id":179,"href":"https:\/\/www.pookinherkkutehdas.fi\/index.php\/wp-json\/wp\/v2\/pages\/57\/revisions\/179"}],"wp:featuredmedia":[{"embeddable":true,"href":"https:\/\/www.pookinherkkutehdas.fi\/index.php\/wp-json\/wp\/v2\/media\/26"}],"wp:attachment":[{"href":"https:\/\/www.pookinherkkutehdas.fi\/index.php\/wp-json\/wp\/v2\/media?parent=57"}],"curies":[{"name":"wp","href":"https:\/\/api.w.org\/{rel}","templated":true}]}}