{"id":65,"date":"2025-03-24T14:21:08","date_gmt":"2025-03-24T14:21:08","guid":{"rendered":"https:\/\/www.pookinherkkutehdas.fi\/?page_id=65"},"modified":"2025-10-31T13:32:34","modified_gmt":"2025-10-31T13:32:34","slug":"etusivu","status":"publish","type":"page","link":"http:\/\/www.pookinherkkutehdas.fi\/","title":{"rendered":"Etusivu"},"content":{"rendered":"<p>[et_pb_section fb_built=&#8221;1&#8243; inner_shadow=&#8221;on&#8221; _builder_version=&#8221;4.23.1&#8243; _module_preset=&#8221;default&#8221; background_image=&#8221;http:\/\/www.pookinherkkutehdas.fi\/wp-content\/uploads\/2025\/03\/Pooki50of54-scaled.jpg&#8221; min_height=&#8221;804.8px&#8221; custom_margin=&#8221;||-6px|||&#8221; custom_padding=&#8221;|13px|105px|||&#8221; background_last_edited=&#8221;on|phone&#8221; global_colors_info=&#8221;{}&#8221;][et_pb_row column_structure=&#8221;2_3,1_3&#8243; _builder_version=&#8221;4.23.1&#8243; _module_preset=&#8221;default&#8221; custom_margin=&#8221;57px|auto||auto||&#8221; custom_padding=&#8221;25px|||||&#8221; global_colors_info=&#8221;{}&#8221;][et_pb_column type=&#8221;2_3&#8243; _builder_version=&#8221;4.23.1&#8243; _module_preset=&#8221;default&#8221; global_colors_info=&#8221;{}&#8221;][et_pb_text content_tablet=&#8221;<\/p>\n<p style=%22text-align: center;%22>Pookin Herkkutehdas<\/p>\n<p>&#8221; content_phone=&#8221;<\/p>\n<p style=%22text-align: center;%22>Pookin Herkkutehdas<\/p>\n<p>&#8221; content_last_edited=&#8221;on|phone&#8221; _builder_version=&#8221;4.23.1&#8243; _module_preset=&#8221;default&#8221; text_font=&#8221;Roboto||||||||&#8221; text_text_color=&#8221;#000000&#8243; text_font_size=&#8221;22px&#8221; text_line_height=&#8221;1.9em&#8221; custom_padding=&#8221;||0px|||&#8221; text_line_height_tablet=&#8221;1.8em&#8221; text_line_height_phone=&#8221;1.3em&#8221; text_line_height_last_edited=&#8221;on|phone&#8221; text_text_shadow_style=&#8221;preset3&#8243; text_text_shadow_color=&#8221;#FFFFFF&#8221; global_colors_info=&#8221;{}&#8221;]<\/p>\n<p style=\"text-align: center;\"><span style=\"font-size: xx-large;\">Pookin Herkkutehdas<\/span><\/p>\n<p>[\/et_pb_text][\/et_pb_column][et_pb_column type=&#8221;1_3&#8243; _builder_version=&#8221;4.23.1&#8243; _module_preset=&#8221;default&#8221; global_colors_info=&#8221;{}&#8221;][\/et_pb_column][\/et_pb_row][et_pb_row column_structure=&#8221;3_5,2_5&#8243; _builder_version=&#8221;4.23.1&#8243; _module_preset=&#8221;default&#8221; min_height=&#8221;156.8px&#8221; custom_margin=&#8221;-4px|auto||auto||&#8221; custom_padding=&#8221;84px||27px|||&#8221; global_colors_info=&#8221;{}&#8221;][et_pb_column type=&#8221;3_5&#8243; _builder_version=&#8221;4.23.1&#8243; _module_preset=&#8221;default&#8221; global_colors_info=&#8221;{}&#8221;][et_pb_text _builder_version=&#8221;4.23.1&#8243; _module_preset=&#8221;default&#8221; text_font=&#8221;Roboto||||||||&#8221; text_text_color=&#8221;#000000&#8243; text_font_size=&#8221;23px&#8221; custom_margin=&#8221;-42px||12px|||&#8221; custom_padding=&#8221;||7px|||&#8221; text_font_tablet=&#8221;Roboto||||||||&#8221; text_font_phone=&#8221;Roboto||||||||&#8221; text_font_last_edited=&#8221;on|phone&#8221; text_text_shadow_style=&#8221;preset3&#8243; text_text_shadow_color=&#8221;#FFFFFF&#8221; global_colors_info=&#8221;{}&#8221;]<\/p>\n<p style=\"text-align: center;\">Pookin Herkkutehdas on varsinaissuomalainen, Uudestakaupungista k\u00e4sin toimiva elintarvikealan yritys. Tuotamme laadukkaita ja aitoja elintarvikkeita j\u00e4lleenmyyntiverkostollemme. Tuotteisiimme kuuluvat mm. Pookin salaatinkastike ja Pookin perinteinen kinuski. Pookin Herkkutehtaan ruorissa h\u00e4\u00e4r\u00e4\u00e4 pitk\u00e4n linjan ammattilainen Paul-Erik Hakkarainen.<\/p>\n<p style=\"text-align: center;\"><a href=\"https:\/\/www.oivahymy.fi\/api\/raportti\/106768\">Linkki Oiva-raporttiin.<\/a><\/p>\n<p style=\"text-align: center;\">\n<p>[\/et_pb_text][\/et_pb_column][et_pb_column type=&#8221;2_5&#8243; _builder_version=&#8221;4.23.1&#8243; _module_preset=&#8221;default&#8221; global_colors_info=&#8221;{}&#8221;][\/et_pb_column][\/et_pb_row][et_pb_row column_structure=&#8221;1_2,1_2&#8243; _builder_version=&#8221;4.23.1&#8243; _module_preset=&#8221;default&#8221; global_colors_info=&#8221;{}&#8221;][et_pb_column type=&#8221;1_2&#8243; _builder_version=&#8221;4.23.1&#8243; _module_preset=&#8221;default&#8221; global_colors_info=&#8221;{}&#8221;][et_pb_image src=&#8221;http:\/\/www.pookinherkkutehdas.fi\/wp-content\/uploads\/2025\/03\/Kopio-tiedostosta-DSC_0004-1-scaled.jpg&#8221; title_text=&#8221;Kopio-tiedostosta-DSC_0004&#8243; url=&#8221;https:\/\/www.pookinherkkutehdas.fi\/index.php\/pookin-salaatinkastike\/&#8221; _builder_version=&#8221;4.23.1&#8243; _module_preset=&#8221;default&#8221; border_width_all=&#8221;10px&#8221; global_colors_info=&#8221;{}&#8221;][\/et_pb_image][\/et_pb_column][et_pb_column type=&#8221;1_2&#8243; _builder_version=&#8221;4.23.1&#8243; _module_preset=&#8221;default&#8221; global_colors_info=&#8221;{}&#8221;][et_pb_image src=&#8221;http:\/\/www.pookinherkkutehdas.fi\/wp-content\/uploads\/2025\/03\/Pooki20of54-1.jpg&#8221; title_text=&#8221;Pooki(20of54)&#8221; url=&#8221;https:\/\/www.pookinherkkutehdas.fi\/index.php\/pookin-kinuski\/&#8221; _builder_version=&#8221;4.23.1&#8243; _module_preset=&#8221;default&#8221; border_width_all=&#8221;10px&#8221; global_colors_info=&#8221;{}&#8221;][\/et_pb_image][\/et_pb_column][\/et_pb_row][\/et_pb_section]<\/p>\n","protected":false},"excerpt":{"rendered":"<p>Pookin HerkkutehdasPookin Herkkutehdas on varsinaissuomalainen, Uudestakaupungista k\u00e4sin toimiva elintarvikealan yritys. Tuotamme laadukkaita ja aitoja elintarvikkeita j\u00e4lleenmyyntiverkostollemme. Tuotteisiimme kuuluvat mm. Pookin salaatinkastike ja Pookin perinteinen kinuski. Pookin Herkkutehtaan ruorissa h\u00e4\u00e4r\u00e4\u00e4 pitk\u00e4n linjan ammattilainen Paul-Erik Hakkarainen. Linkki Oiva-raporttiin.<\/p>\n","protected":false},"author":1,"featured_media":0,"parent":0,"menu_order":0,"comment_status":"closed","ping_status":"closed","template":"","meta":{"_et_pb_use_builder":"on","_et_pb_old_content":"","_et_gb_content_width":"","footnotes":""},"class_list":["post-65","page","type-page","status-publish","hentry"],"_links":{"self":[{"href":"http:\/\/www.pookinherkkutehdas.fi\/index.php\/wp-json\/wp\/v2\/pages\/65","targetHints":{"allow":["GET"]}}],"collection":[{"href":"http:\/\/www.pookinherkkutehdas.fi\/index.php\/wp-json\/wp\/v2\/pages"}],"about":[{"href":"http:\/\/www.pookinherkkutehdas.fi\/index.php\/wp-json\/wp\/v2\/types\/page"}],"author":[{"embeddable":true,"href":"http:\/\/www.pookinherkkutehdas.fi\/index.php\/wp-json\/wp\/v2\/users\/1"}],"replies":[{"embeddable":true,"href":"http:\/\/www.pookinherkkutehdas.fi\/index.php\/wp-json\/wp\/v2\/comments?post=65"}],"version-history":[{"count":23,"href":"http:\/\/www.pookinherkkutehdas.fi\/index.php\/wp-json\/wp\/v2\/pages\/65\/revisions"}],"predecessor-version":[{"id":182,"href":"http:\/\/www.pookinherkkutehdas.fi\/index.php\/wp-json\/wp\/v2\/pages\/65\/revisions\/182"}],"wp:attachment":[{"href":"http:\/\/www.pookinherkkutehdas.fi\/index.php\/wp-json\/wp\/v2\/media?parent=65"}],"curies":[{"name":"wp","href":"https:\/\/api.w.org\/{rel}","templated":true}]}}